-8 + -9?
-14
In base 11, what is -8849 + 5?
-8844
In base 12, what is 0 - 105?
-105
In base 16, what is 3 - -2e?
31
In base 9, what is 8 - -240?
248
In base 14, what is -2 - 25b?
-25d
In base 13, what is 3c4 + -31?
393
In base 10, what is 5 - 50?
-45
In base 8, what is -4 - -20?
14
In base 16, what is 5 - 34?
-2f
In base 11, what is -26 - 6?
-31
In base 12, what is 5 + -1794?
-178b
In base 8, what is 24 + -3?
21
In base 12, what is 1a + 130?
14a
In base 12, what is a + 93?
a1
In base 13, what is -287 - -4?
-283
In base 3, what is 1 - -1?
2
In base 10, what is 2 + -437?
-435
In base 10, what is -1 - 4?
-5
In base 3, what is 1 - 210?
-202
In base 14, what is -4 - -52?
4c
In base 9, what is 4266 - 4?
4262
In base 15, what is -1 + -39?
-3a
In base 2, what is 0 + 11010011?
11010011
In base 16, what is -fe + -5?
-103
In base 3, what is -111212 - 1221?
-120210
In base 8, what is 773 + 26?
1021
In base 15, what is -49c + -2?
-49e
In base 8, what is 50 + 2?
52
In base 7, what is 13642 - 2?
13640
In base 3, what is 0 - 110012?
-110012
In base 12, what is 38 + 111?
149
In base 4, what is -222 + 1?
-221
In base 15, what is 2100 - -4?
2104
In base 4, what is 3 - 33123?
-33120
In base 12, what is -3 + -4b2a?
-4b31
In base 5, what is 10 + -30120?
-30110
In base 5, what is 242 - 4?
233
In base 2, what is 10000010011011 - 101?
10000010010110
In base 9, what is 4 - 42?
-37
In base 4, what is -1000 + -111?
-1111
In base 4, what is -11132 - 2?
-11200
In base 7, what is 3606 - -3?
3612
In base 16, what is 1 + -19?
-18
In base 5, what is 23 - 4000?
-3422
In base 13, what is -4 - 47?
-4b
In base 14, what is 2d5 - -b?
302
In base 8, what is -3 - -721?
716
In base 14, what is 53 - 5?
4c
In base 10, what is -3 - -3782?
3779
In base 16, what is 5 + -b3?
-ae
In base 3, what is -10 + -12202?
-12212
In base 4, what is 330 + 0?
330
In base 3, what is -22 - 2?
-101
In base 9, what is 275 + -4?
271
In base 15, what is -144 + -1?
-145
In base 15, what is 7 - -2b?
33
In base 8, what is 265 - 1?
264
In base 8, what is 1466 + -5?
1461
In base 6, what is 1 + 440?
441
In base 14, what is -104d - 4?
-1053
In base 12, what is -5 + -19?
-22
In base 10, what is -11 + -5?
-16
In base 10, what is 620 - 4?
616
In base 4, what is -2301211 + -11?
-2301222
In base 11, what is 3123 - 5?
3119
In base 11, what is a813 - -1?
a814
In base 5, what is -1 + 3022?
3021
In base 3, what is 11 - 10000?
-2212
In base 8, what is 14 - -10?
24
In base 8, what is 1 - -1064?
1065
In base 3, what is -2 - -102120?
102111
In base 10, what is 14701 - 5?
14696
In base 8, what is 1354 + -5?
1347
In base 14, what is 3 + -4b2?
-4ad
In base 5, what is -13 - 13?
-31
In base 10, what is -22 + 7?
-15
In base 11, what is 1267 - 2?
1265
In base 9, what is -123 - -211?
77
In base 14, what is -257 - 3?
-25a
In base 11, what is 0 + 1639?
1639
In base 13, what is 44 - -22?
66
In base 9, what is -35 - -8?
-26
In base 6, what is -3 + -13424?
-13431
In base 2, what is 1001111101 + 100?
1010000001
In base 9, what is 761 + -11?
750
In base 15, what is 4 + 106?
10a
In base 10, what is 28 + -3?
25
In base 9, what is -35 + -412?
-447
In base 10, what is 92 + -29?
63
In base 10, what is -206 + 2?
-204
In base 12, what is -b53 + 18?
-b37
In base 4, what is 11 - 1003?
-332
In base 11, what is -6398 - 0?
-6398
In base 6, what is -42523 + -4?
-42531
In base 15, what is 2 - 579?
-577
In base 12, what is -4 + -179?
-181
In base 4, what is 1 - 31?
-30
In base 5, what is -4 - -1030?
1021
In base 4, what is -23300 + 11?
-23223
In base 8, what is -16 + 10?
-6
In base 3, what is -21 - 120?
-211
In base 14, what is 2 - -1ac?
1b0
In base 12, what is 4 + -42?
-3a
In base 7, what is 5 - 36?
-31
In base 7, what is 3 - 46?
-43
In base 5, what is -10002 + 3?
-4444
In base 9, what is -3 - -572?
568
In base 8, what is 5 + -3136?
-3131
In base 5, what is 10 - -10412?
10422
In base 10, what is -3 + -231?
-234
In base 16, what is 0 - 7?
-7
In base 10, what is 1851 + 1?
1852
In base 7, what is 5 - 0?
5
In base 16, what is 0 + -10a?
-10a
In base 16, what is 4 - 268?
-264
In base 5, what is -4 - -30102?
30043
In base 10, what is 2 - 49?
-47
In base 7, what is 14 + -3?
11
In base 15, what is 0 - 1?
-1
In base 8, what is -1032 - -2?
-1030
In base 7, what is 4245 + 4?
4252
In base 9, what is 116 - 65?
41
In base 9, what is -121 + -4?
-125
In base 7, what is 32 + -121?
-56
In base 7, what is -4561 - 0?
-4561
In base 16, what is -ba + a?
-b0
In base 15, what is -66 + -1?
-67
In base 11, what is -15 - -a?
-6
In base 8, what is -1 - -52?
51
In base 14, what is 0 - -4a?
4a
In base 12, what is -6a3 + 5?
-69a
In base 16, what is -156 + -2?
-158
In base 6, what is -224 + 502?
234
In base 15, what is 3a + 0?
3a
In base 14, what is -4 + 0?
-4
In base 13, what is -39 + 3?
-36
In base 5, what is 223 - 24?
144
In base 7, what is 1000 - -34?
1034
In base 4, what is 110200 + -11?
110123
In base 2, what is -11 - 1000?
-1011
In base 3, what is 11 + -1220?
-1202
In base 15, what is -5 + 456?
451
In base 4, what is 3 + -33320?
-33311
In base 6, what is 124 + -315?
-151
In base 15, what is -27 - -4?
-23
In base 13, what is 4 - 10?
-9
In base 14, what is -4b9 - 8?
-4c3
In base 3, what is 1 + -100?
-22
In base 10, what is -101 - 0?
-101
In base 12, what is -3 + 1438?
1435
In base 8, what is 701 - 2?
677
In base 16, what is -2c + d?
-1f
In base 7, what is 2 - 526?
-524
In base 6, what is 5215 + -2?
5213
In base 10, what is -68 - -6?
-62
In base 3, what is 112111 + -112?
111222
In base 14, what is -3 - 2a?
-2d
In base 6, what is -3 - -5?
2
In base 12, what is -80a - 6?
-814
In base 16, what is 15 - 9?
c
In base 10, what is 4 - 197?
-193
In base 16, what is 6a - 61?
9
In base 6, what is 400 + -4?
352
In base 9, what is -7 + 40?
32
In base 3, what is -202 - 1220220?
-1221122
In base 9, what is -3 - -12?
8
In base 12, what is -4 + -264?
-268
In base 10, what is -284 + 4?
-280
In base 3, what is -202120102 + 10?
-202120022
In base 11, what is 62 + 5?
67
In base 16, what is ff - -3?
102
In base 13, what is 1 + 196?
197
In base 15, what is -8 - -3?
-5
In base 9, what is -3 + 1646?
1643
In base 6, what is 355 + -420?
-21
In base 3, what is 0 + -1101201?
-1101201
In base 5, what is 4 - -240?
244
In base 10, what is -15 + 68?
53
In base 7, what is -11 - -5?
-3
In base 4, what is 11211 - 10?
11201
In base 2, what is -110101110 + -101?
-110110011
In base 12, what is 5 + -2aa?
-2a5
In base 8, what is -1 - -12?
11
In base 12, what is -3 - -627?
624
In base 2, what is 100101 - 0?
100101
In base 13, what is 13b - -29?
167
In base 4, what is 2 - 11001?
-10333
In base 10, what is -4 - -247?
243
In base 11, what is -1 - 73?
-74
In base 13, what is 3b0 + -13?
39a
In base 15, what is -1c7 + 3?
-1c4
In base 13, what is 110 + 4?
114
In base 11, what is -5 - 66?
-70
In base 4, what is 10 + -323?
-313
In base 4, what is 3 + -22311?
-22302
In base 5, what is -4 - 100?
-104
In base 15, what is -2 + -79?
-7b
In base 13, what is -3 - 35?
-38
In base 14, what is d96 - 1?
d95
In base 8, what is 3226 - 1?
3225
In base 6, what is 2 + -224?
-222
In base 15, what is 8 - -b?
14
In base 6, what is -20 + 42?
22
In base 9, what is -15474 - -5?
-15468
In base 9, what is -4 + -677?
-682
In base 10, what is 3326 + 1?
3327
In base 11, what is -48a + 9?
-481
In base 14, what is -3ac - 5?
-3b3
In base 3, what is 21112 - 11?
21101
In base 6, what is -44 - 135?
-223
In base 13, what is 2a5 + -6?
29c
In base 15, what is 2d22 - 4?
2d1d
In base 8, what is 14 - 14?
0
In base 2, what is -1001 - 110011?
-111100
In base 10, what is 0 + 42?
42
In base 12, what is -1 + 9b?
9a
In base 4, what is -30100 - 1?
-30101
In base 4, what is -3 - 113301?
-113310
In base 12, what is -5 - 1b5?
-1ba
In base 3, what is -10 - -110202?
110122
In base 12, what is -5 - -150?
147
In base 5, what is -100120 + -1?
-100121
In base 14, what is -17 + 12?
-5
In base 4, what is 13121121 + -2?
13121113
In base 5, what is 34 + 2?
41
In base 4, what is 312 + 2300?
3212
In base 12, what is 99 + -4?
95
In base 9, what is -2181 + 0?
-2181
In base 10, what is -11 - 341?
-352
In base 7, what is -454 + -4?
-461
In base 8, what is 3 + -4?
-1
In base 12, what is -580 + 4?
-578
In base 6, what is 101 - -1?
102
In base 5, what is -233 - 3?
-241
In base 16, what is -d9 - 1?
-